**3 + u. Let z be r(1). What are the prime factors of (-3370)/(-30) - z/(-6)?
113
Suppose 27*m - 19*m - 14640 = 0. List the prime factors of m.
2, 3, 5, 61
Let a(z) = -44*z + 79. Let c(r) = -29*r + 53. Let g(k) = -5*a(k) + 8*c(k). List the prime factors of g(-4).
7, 11
Let g(t) = -31*t**2 - 32*t**2 - 35 - 32*t + 62*t**2. What are the prime factors of g(-14)?
7, 31
Let w(j) = j + 3. Let r be w(-3). Suppose -2*u - 4*t + 48 = r, -3*u + t = -0*t - 58. List the prime factors of u + 1 + 0 - -2.
23
Let j = -305 - -189. Let k = -68 - j. What are the prime factors of k?
2, 3
Let x(k) = 3*k**3 - 27*k**2 - 8*k - 21. Let p(w) = 4*w**3 - 28*w**2 - 9*w - 21. Let c(y) = 2*p(y) - 3*x(y). List the prime factors of c(25).
3, 19
Suppose 0 = 4*b, -4*h = -0*b + 5*b - 484. List the prime factors of h.
11
Suppose -3*z + 1536 = 4*a - 1323, 696 = a - 3*z. List the prime factors of a.
3, 79
Suppose 0 = -2*z - 106 + 92. What are the prime factors of 0 + 0 - (-54 - 56/z)?
2, 23
Let o = 5 + -4. Let v(n) be the second derivative of 11*n**5/10 - n**4/6 + n**3/6 + 7*n. What are the prime factors of v(o)?
3, 7
Let c(i) = 3*i**2 - i + 2. Let a = -4 - 5. Let o be a*((-15)/9 - -2). What are the prime factors of c(o)?
2
Let t(c) = -3*c**2 - 9*c - 1. Let i(d) = 4*d**2 + 10*d + 2. Let g(q) = -2*i(q) - 3*t(q). Let o be g(-7). What are the prime factors of 6*o/2 - -6?
3
Let b be (160/30)/((-2)/(-87)). Let u = b - 103. What are the prime factors of u?
3, 43
Let m = -4 - -8. Suppose 5*u = -16 - m, 4*d - 3*u = 152. Let z = -19 + d. What are the prime factors of z?
2
Let b(j) = -j**3 + 2*j**2 + 2*j + 3. Let s be b(3). Suppose s*k - 106 = -2*k. What are the prime factors of k?
53
Let o = 4 + 1. Suppose 2*r + 1 = -5, 0 = s - o*r - 19. List the prime factors of (-27)/6*s/(-2).
3
Let b = -7 + 4. Let x be 3 + (b - (-1 - -5)). What are the prime factors of 112/(0 - x) - 2?
2, 13
Suppose 0 = 16*o - 19*o + 909. List the prime factors of o.
3, 101
Let d(b) = -2*b + 1. Let j be d(-3). Suppose 102 = j*w - 5*w. List the prime factors of w.
3, 17
Suppose 3*c + 253 = 6*x - 2*x, 2*x = -4*c - 352. Let r = 183 + c. List the prime factors of r.
2, 3
Let w(g) = 7*g**2 + 2*g - 1. Let i(k) = -k**2 + 8*k - 2. Let s be i(8). Let j be w(s). Suppose -3*q - 5 + j = 0. What are the prime factors of q?
2, 3
Let g(w) = -w**3 - 13*w**2 - 2*w + 3. Let l be g(-8). List the prime factors of (-6)/6 - -2 - l.
2, 151
Let v be (2*6)/((-27)/36). What are the prime factors of (-6)/v - (-3625)/40?
7, 13
List the prime factors of ((-4958)/(-8) - (-72)/(-96)) + 3.
2, 311
Let k(q) = q**3 + 23*q**2 - 38*q + 12. What are the prime factors of k(-24)?
2, 3, 29
Let f(k) = 2*k**2 - 2*k - 8. Let p be f(4). List the prime factors of (-21)/(-2)*p/3.
2, 7
Suppose -9*z - 16 = -11*z. Let w(v) = -z*v + 2 + 3 + 14*v - 1. What are the prime factors of w(9)?
2, 29
Let u be (-18)/(4*3/8). Let i be 64/12 + (-8)/u. What are the prime factors of i - -9*(-1)/3?
3
Suppose -52*k - 1167 = -55*k. What are the prime factors of k?
389
Suppose -71 = 5*i - 2*d, 2*i - 2*d = 17 - 43. Let k be 3/(-1) + i + -3. What are the prime factors of 9/k - 244/(-14)?
17
Let z = 38 + -79. Let u = 27 - z. Suppose -u = -10*i + 8*i. What are the prime factors of i?
2, 17
Let n(a) = 2*a**2 + 22*a - 49. What are the prime factors of n(22)?
23, 61
Let x(h) be the first derivative of -7*h**4/2 - 4*h**3/3 - 2*h**2 - 4*h - 27. What are the prime factors of x(-2)?
2, 5
Suppose -y + 837 = -281. What are the prime factors of y?
2, 13, 43
What are the prime factors of (-21 - -5)*(-25 + 7)?
2, 3
Let x = 1606 - 1603. Let t(m) = 6*m**2 - 1. Let z be t(1). Suppose -50 = -l - 2*i, z*l = -x*i + 307 - 29. List the prime factors of l.
2, 29
Let r = 50 - 52. Let j(g) = 41*g**2 - 2*g + 1. What are the prime factors of j(r)?
13
Let c(x) = 9*x + 24. Let b(v) = -9*v - 25. Let u(o) = 7*b(o) + 6*c(o). What are the prime factors of u(-18)?
131
Suppose 6*r + 4*b = 5*r + 43, -5 = -5*b. What are the prime factors of r?
3, 13
Let j = 25 + -22. Suppose -j*t + 15 = -0*t. Suppose 0 = t*s - 105 - 105. List the prime factors of s.
2, 3, 7
Suppose 3*x + c + 3*c - 13 = 0, -4*x = -c - 11. Suppose -x = 4*v + 1. Let j = 9 + v. What are the prime factors of j?
2
Let b be 8/(-52) - (4100/52 - -4). Let h = 18 - b. What are the prime factors of h?
101
Let s be 4/4*(-11 - -2). What are the prime factors of (s - 31)*(1 - 7)?
2, 3, 5
Let l(z) = -750*z - 272. List the prime factors of l(-4).
2, 11, 31
Suppose -4*s - 5*w + 5856 = 0, 5*s + 5*w + 2898 = 7*s. List the prime factors of s.
1459
Let g be 4/3*117/26 - -4. Let r(p) = -p**2 + 17*p + 10. List the prime factors of r(g).
2, 5
Suppose -2 + 0 = r + 2*b, -3*b = -5*r + 16. Suppose -5*k - g = -k - 411, 4*k - 402 = r*g. What are the prime factors of k?
2, 3, 17
List the prime factors of -5 - (-92)/16 - 42486/(-24).
7, 11, 23
Let v = 11 - 15. Let d be (-4)/v - (-3)/(-1). Let z(j) = -4*j**3 + j**2 - 3*j - 2. What are the prime factors of z(d)?
2, 5
Let n(x) = -15*x - 5. List the prime factors of n(-7).
2, 5
Let r(i) = i**2 + i - 2. Let a be r(-5). Let b = a - 14. Suppose 3*f - 100 = -b*g, 0*f + 26 = g + f. What are the prime factors of g?
2, 11
Let o be 498/6 - (-2 + 3). Let m = o + -43. List the prime factors of m.
3, 13
Let h = -21 + 23. Suppose -2*k = h*k + 2*i - 98, 0 = 3*k + i - 76. What are the prime factors of k?
3
Let d be (-2*6/24)/((-1)/4). Suppose 0 = -2*f - 5*l + 144, 0*l + d*l - 227 = -3*f. List the prime factors of f.
7, 11
Suppose -5*i + 65 - 25 = 0. Suppose n - 12 = -i. Suppose 2*v + z - 30 - 77 = 0, 0 = 5*v + n*z - 266. What are the prime factors of v?
2, 3
Let o(i) = i - 9. Let g be o(11). Suppose 87 = 3*j + 2*l - 31, g*j + 3*l = 87. Let k = j + -6. What are the prime factors of k?
2, 3, 5
Let q(p) = 11*p**2 - 30*p + 26. List the prime factors of q(-8).
2, 5, 97
Let j be 7*(-1)/((-28)/(-8)). What are the prime factors of 4 - -6*(-9)/j?
31
Suppose -3*x = -4*p - 2*x + 314, 0 = p - 2*x - 75. Let d = 133 - p. List the prime factors of d.
2, 3
Let u(p) = -p**2 + 17*p + 5. Let v be u(7). Let m = 176 - v. List the prime factors of m.
101
Suppose -3*j = -2*c + 344 + 791, 16 = -4*c. List the prime factors of 5/(-20) + j/(-4).
5, 19
Suppose p - 5184 + 350 = 4*u, u - 4839 = -p. What are the prime factors of p?
2, 41, 59
Let a(c) = -c**3 + 15*c**2 + 25*c - 37. Let f be a(16). Let x = f + 28. List the prime factors of x.
3, 5
Let a(u) = -2*u**2 - 11 + 9 - 24*u**2. Let f be a(2). Let g = -66 - f. What are the prime factors of g?
2, 5
Suppose -3*x - 3*k = -522, 2*x - 282 - 36 = 4*k. Let t = -58 + x. List the prime factors of t.
3, 37
Suppose 20 = -9*a + 13*a. Suppose a*z = -97 + 462. List the prime factors of z.
73
What are the prime factors of ((-7)/14 - -5)*100?
2, 3, 5
Let x = 132 - 54. Suppose x = -3*f + 6*f. What are the prime factors of (5 + -3 - f)*-1?
2, 3
Suppose 10*t + 37*t - 156980 = 0. What are the prime factors of t?
2, 5, 167
Suppose -w + 153 = 146. Let s(j) = j**3 - 7*j**2 + 2*j + 4. What are the prime factors of s(w)?
2, 3
Suppose -10 - 8 = -3*i. Suppose -10*d + i*d + 48 = 0. Suppose -31*x = -29*x - d. List the prime factors of x.
2, 3
Let c = 39 - 39. Let y(b) = -b + 92. What are the prime factors of y(c)?
2, 23
Let f = -20 - -28. List the prime factors of 3408/32*f/6.
2, 71
Let f = 67 - 65. Suppose f*s - 10 = 28. List the prime factors of s.
19
Suppose -4*o - 46 - 34 = 0. Let k be (-30)/o*(-2)/3. What are the prime factors of (k + (-3 - -3))*-6?
2, 3
Let o = 13 - 11. Suppose -5*d + 77 = o*i, -4*i + 25 = 5*d - 124. List the prime factors of i.
2, 3
Let o be (0 + 60/8)*4/3. Suppose 2*h + 43 = 3*h - 2*w, 0 = 5*w + o. What are the prime factors of h?
3, 13
Suppose -24*p + 12*p = -12672. List the prime factors of p.
2, 3, 11
Let a(h) = h**3 + 14*h**2 - 7*h + 4. What are the prime factors of a(-13)?
2, 3, 11
What are the prime factors of 1431 - (3 + (-9 - -9))?
2, 3, 7, 17
Let x = -464 - -708. Let f be x/(-12) + 2/(-3). Let a = f - -59. List the prime factors of a.
2, 19
Let p(x) = x**3 + 3*x**2 + x - 2. Let k be p(-2). Suppose -10*m + 5*m = k. Suppose m = h - 10 - 26. List the prime factors of h.
2, 3
Suppose 3*n = 1 + 11. Suppose 0*p - 12 = -n*p. Suppose -2*c - 2*g + p + 3 = 0, -2*g - 8 = -5*c. List the prime factors of c.
2
Let a(z) be the third derivati